 + 25*n + 23. Calculate f(-1).
2
Let p(t) = 4*t**2 - 11*t + 5. What is p(4)?
25
Let z(b) = -21*b - 231. What is z(-10)?
-21
Let j(l) = -65*l + 251. Give j(6).
-139
Let v(q) = 2*q**2 + 39*q + 11. Calculate v(-19).
-8
Let h(m) = -m**3 - 5*m**2 + 3279*m + 19644. What is h(-6)?
6
Let c(g) = -2*g**2 - 29*g - 79. Give c(-7).
26
Let p(q) = q**2 + 39*q - 3925. Determine p(46).
-15
Let p(q) = -q**3 + 85*q**2 - 617*q + 12. Give p(8).
4
Let p(m) = 15*m**2 + 51*m + 70. What is p(-3)?
52
Let f(v) = 202*v - 316. Calculate f(1).
-114
Let w(f) = -5*f**2 + 32*f - 26. Give w(6).
-14
Let l(c) = -c**2 + 39*c - 281. Give l(10).
9
Let g(a) = a**3 - 39*a**2 - 90*a + 2015. Calculate g(40).
15
Let j(l) = 3*l**2 + 26*l + 21. Give j(-6).
-27
Let l(p) = p**2 - 7*p - 135. Calculate l(18).
63
Let y(r) = 14*r**3 - 3*r**2 - 6*r + 13. Determine y(-4).
-907
Let k(w) = -5*w**2 + 34*w + 156. Give k(10).
-4
Let r(g) = -g**3 + 33*g**2 + 71*g - 23. Determine r(35).
12
Let s(l) = -l**2 + 1415*l - 20994. What is s(15)?
6
Let z(u) = -u**2 - 74*u - 515. Determine z(-9).
70
Let z(x) = 2997*x - 5981. Give z(2).
13
Let s(t) = -3*t**2 + 32*t - 63. Calculate s(6).
21
Let o(d) = 28*d - 626. What is o(23)?
18
Let s(d) = 6*d**2 + 2*d + 4. Determine s(-3).
52
Let r(a) = -33*a - 349. What is r(-20)?
311
Let l(g) = -659*g + 3951. Calculate l(6).
-3
Let d(g) = -38*g**3 - 9*g**2 - 24*g + 32. Determine d(1).
-39
Let g(l) = -5*l**2 + 5*l - 3. Determine g(3).
-33
Let g(p) = 100*p + 10400. Determine g(-104).
0
Let g(h) = 4*h**2 + 48*h + 541. What is g(-7)?
401
Let n(q) = -q - 31. Determine n(-28).
-3
Let z(w) = -145*w - 21. Give z(-1).
124
Let y(w) = 16*w**2 - 378*w + 1994. What is y(8)?
-6
Let b(x) = -80*x - 57. Calculate b(3).
-297
Let p(v) = -3*v**3 - 15*v**2 - 6*v + 3. Determine p(-3).
-33
Let h(t) = -138*t - 4063. Calculate h(-29).
-61
Let b(a) = a**3 - 27*a**2 - 222*a + 4739. Calculate b(29).
-17
Let d(p) = -p**2 - 41*p + 1067. What is d(-59)?
5
Let x(o) = -o**2 + 25*o - 118. Calculate x(19).
-4
Let c(b) = 10*b**3 + 179*b**2 - 19*b - 17. Calculate c(-18).
1
Let j(f) = -16412*f - 65652. What is j(-4)?
-4
Let x(n) = 19*n + 166. What is x(-5)?
71
Let t(h) = h**2 - 1961*h + 17565. What is t(9)?
-3
Let i(j) = 25*j + 209. Give i(13).
534
Let t(d) = 33*d - 1674. What is t(52)?
42
Let x(r) = r**2 - 34*r - 1268. Determine x(56).
-36
Let v(d) = d**3 + 13*d**2 + 38*d + 5. Determine v(-4).
-3
Let v(o) = o**2 - 194*o + 745. Calculate v(4).
-15
Let n(d) = d**3 + 3*d**2 - 13*d + 24. What is n(-6)?
-6
Let d(l) = 23*l - 2528. Give d(108).
-44
Let j(o) = 5*o - 38. What is j(-13)?
-103
Let q(b) = 36*b - 660. Calculate q(27).
312
Let j(t) = 120*t - 152. Determine j(3).
208
Let n(d) = -d**3 - 4*d**2 - 7*d - 31. Determine n(0).
-31
Let l(n) = 1802*n + 1861. Calculate l(-1).
59
Let n(o) = -o**3 + 33*o**2 + 189*o - 116. Calculate n(38).
-154
Let h(j) = 52*j**2 + 360*j - 29. What is h(-7)?
-1
Let l(m) = 409*m**2 - 3278*m + 36. What is l(8)?
-12
Let c(i) = -i**2 - 61*i - 181. What is c(0)?
-181
Let r(q) = 41*q + 126. Give r(-5).
-79
Let h(r) = -129*r**2 + 410*r - 73. Calculate h(3).
-4
Let t(h) = -h**3 - 10*h**2 + 98*h + 14. What is t(-16)?
-18
Let h(k) = 16*k + 12. Determine h(-1).
-4
Let j(q) = -212*q - 4706. Calculate j(-22).
-42
Let x(p) = 2*p - 28. Give x(8).
-12
Let x(j) = -j**2 + 22*j - 23. What is x(21)?
-2
Let h(s) = -s**3 + 7*s**2 - 3*s - 27. Determine h(7).
-48
Let o(d) = -7*d**2 + 8*d + 6. Calculate o(-2).
-38
Let i(z) = 2*z**2 + 406*z + 6650. Give i(-18).
-10
Let b(t) = 9*t**2 + 210*t + 930. Determine b(-6).
-6
Let r(c) = -17*c**2 - 4*c - 25. Calculate r(4).
-313
Let f(b) = -b**3 + 4*b**2 + 11*b - 82. Determine f(7).
-152
Let p(i) = 4*i**2 - 10*i + 34. What is p(3)?
40
Let v(o) = 7*o**2 + 33*o + 59. What is v(-2)?
21
Let n(j) = 695*j - 9740. What is n(14)?
-10
Let n(b) = b**2 + 20*b - 127. Determine n(6).
29
Let w(p) = 2*p**3 + 26*p**2 - 32*p - 59. Calculate w(-14).
-3
Let a(p) = 300*p - 1956. What is a(7)?
144
Let o(f) = 10*f + 446. Determine o(-49).
-44
Let z(k) = 497*k - 39752. What is z(80)?
8
Let o(g) = -2*g**3 + 59*g**2 + 44*g - 364. Determine o(30).
56
Let d(p) = p**2 + 883*p - 7953. Determine d(9).
75
Let a(z) = -76*z + 963. Give a(17).
-329
Let j(n) = -n**2 - 99*n - 253. Calculate j(-96).
35
Let w(t) = -70*t - 298. Calculate w(-4).
-18
Let b(c) = c**3 + 71*c**2 - 358*c - 25405. Give b(-71).
13
Let n(t) = 10*t**2 - 2*t + 8. Determine n(-4).
176
Let x(m) = m**2 + 98*m - 1101. What is x(10)?
-21
Let s(z) = z**3 - 119*z**2 - 232*z - 1215. Determine s(121).
-5
Let c(b) = -30*b - 100. Calculate c(-2).
-40
Let h(a) = -3249*a + 16198. What is h(5)?
-47
Let h(l) = -331*l + 1329. What is h(4)?
5
Let n(c) = c**3 + 17*c**2 + 42*c + 16. Determine n(-14).
16
Let l(t) = t - 362. Calculate l(32).
-330
Let g(x) = -18*x + 9. Give g(-1).
27
Let s(a) = -a**3 - 67*a**2 - 417*a + 113. What is s(-60)?
-67
Let f(r) = -2*r**3 - 53*r**2 - 316*r - 395. Calculate f(-6).
25
Let q(n) = -n**3 + 48*n**2 + 16844*n - 427. Give q(-108).
5
Let w(f) = -2018*f - 2032. Give w(-1).
-14
Let y(f) = -f**2 + 78*f - 1247. What is y(49)?
174
Let q(v) = -v**3 + 6*v**2 + 6*v - 30. What is q(5)?
25
Let z(t) = t**2 + 97*t - 752. Give z(7).
-24
Let v(p) = -p**2 - 101*p + 14231. Determine v(-180).
11
Let m(z) = 2899*z - 23145. Calculate m(8).
47
Let t(p) = p**3 - 78*p**2 - 4*p + 328. Determine t(78).
16
Let z(u) = 5*u**2 - 19*u + 39. What is z(10)?
349
Let v(d) = 2*d**3 - 2*d**2 - 9*d + 7. What is v(5)?
162
Let b(i) = 7*i**2 - 66*i - 123. Give b(11).
-2
Let k(n) = -n**3 - 16*n**2 - 11*n - 172. Calculate k(-16).
4
Let l(t) = -24*t**2 + 9*t + 31. Calculate l(-3).
-212
Let j(y) = -15*y**2 - 66*y + 8. Calculate j(-6).
-136
Let t(z) = z**2 + 72*z + 710. Give t(-60).
-10
Let c(y) = -y**3 + 6*y**2 + 14*y + 20. What is c(8)?
4
Let d(q) = -q**2 - 33*q + 111. Calculate d(-29).
227
Let d(q) = 3*q**2 + 78*q + 256. Give d(-22).
-8
Let c(x) = 2*x**2 - 16*x + 70. What is c(9)?
88
Let n(g) = 736*g + 2082. Determine n(-3).
-126
Let z(i) = 96*i - 1100. Calculate z(10).
-140
Let g(n) = 2*n**2 + 27*n - 83. Calculate g(-14).
-69
Let o(m) = -8*m**2 + 59*m + 581. Calculate o(13).
-4
Let w(c) = 5189*c + 15565. Calculate w(-3).
-2
Let n(a) = a**2 + 13*a - 43. Calculate n(-13).
-43
Let c(v) = 82*v + 1391. What is c(-17)?
-3
Let r(p) = -p**2 - 4*p + 467. Give r(-24).
-13
Let h(a) = -8*a**2 + 16*a + 102. Give h(-5).
-178
Let j(l) = 141*l - 19883. What is j(141)?
-2
Let w(k) = 2*k**3 - 20*k**2 + 29*k - 70. Determine w(13).
1321
Let f(b) = -b**3 - 5*b**2 - b + 3. Calculate f(-4).
-9
Let o(m) = -26*m - 811. What is o(-31)?
-5
Let a(c) = 102*c - 492. Determine a(3).
-186
Let o(b) = 1402*b - 23. Give o(0).
-23
Let l(i) = i**3 - 5*i**2 - 3*i - 59. Calculate l(7).
18
Let i(d) = d**3 - 2*d**2 + 2*d + 31. Give i(9).
616
Let j(v) = v**3 - 8*v**2 - 23*v - 3. Determine j(-3).
-33
Let u(t) = t**3 + 6*t**2 - 51*t - 329. Determine u(-6).
-23
Let o(n) = 140*n**2 + 1553*n + 139. Calculate o(-11).
-4
Let u(d) = 22*d**2 - 67*d + 49. Calculate u(2).
3
Let i(t) = -325*t**2 + 3896*t + 8. Give i(12).
-40
Let h(o) = o**2 + 257*o + 3406. Determine h(-14).
4
Let q(o) = -324*o - 2264. Determine q(-7).
4
Let f(q) = 4*q**2 - 109*q + 525. Calculate f(5).
80
Let h(p) = -p**3 - 16*p**2 - 14*p + 4. Determine h(-16).
228
Let v(s) = -3*s**2 - 54*s - 564. Calculate v(-18).
-564
Let a(n) = 12*n**3 + 9*n**2 + 19*n + 8. Calculate a(-1).
-14
Let z(h) = -6*h**2 - 225*h - 113. Determine z(-37).
-2
Let b(f) = 252*f - 1287. Calculate b(5).
-27
Let d(f) = f**2 - 18*f - 25. What is d(18)?
-25
Let q(w) = w**3 + 52*w**2 + 3*w + 127. Determine q(-52).
-29
Let m(y) = -162*y**2 - 5830*y + 85. What is m(-36)?
13
Let p(m) = -198*m + 167. Determine p(-1).
365
Let y(t) = 2*t**2 - 1334*t + 36999. Determine y(29).
-5
Let u(q) = -45*q + 280. Calculate u(5).
55
Let r(y) = -21*y**3 - y**2 - 47*y + 99. Give r(2).
-167
Let h(g) = 61*g + 1588. Determine h(-24).
124
Let o(s) = 3*s**2 - 307*s - 1584. Give o(-5).
26
Let h(w) = -w**3 + 8*w**2 + 61*w - 474. Determine h(7).
2
Let s(u) = -513*u + 3558. Give s(7).
-33
Let s(k) = k**3 + 12*k**2 - 79*k - 896. Give s(-8).
-8
Let g(w) = 396*w - 5180. Give g(13).
-32
Let a(g) = 3*g**3 - 84*g**2 + 59*g - 1664. Give a(28).
-12
Let v(x) = x**2 - 17*x + 79. What is v(10)?
9
Let f(u) = 28*u**2 - 90*u + 